ctors of 59664479.
7, 47, 151, 1201
List the prime factors of 39055343.
39055343
List the prime factors of 527138117.
11, 47921647
List the prime factors of 256976886.
2, 3, 1933, 22157
List the prime factors of 177423311.
13, 19, 23, 31231
List the prime factors of 45422718.
2, 3, 11, 688223
What are the prime factors of 747280446?
2, 3, 11, 127, 89153
What are the prime factors of 146793452?
2, 13, 23, 139, 883
List the prime factors of 1453519747.
1759, 826333
What are the prime factors of 3853515674?
2, 36131, 53327
List the prime factors of 3021570663.
3, 1007190221
List the prime factors of 4582068.
2, 3, 271, 1409
List the prime factors of 273082376.
2, 7, 163, 29917
List the prime factors of 323534594.
2, 113, 1431569
What are the prime factors of 1024673426?
2, 7, 409, 178951
What are the prime factors of 10110732?
2, 3, 479, 1759
List the prime factors of 3535150479.
3, 7, 349, 482351
List the prime factors of 46221214.
2, 13, 23, 37, 2089
What are the prime factors of 4952958879?
3, 11, 150089663
List the prime factors of 858056601.
3, 286018867
What are the prime factors of 929678304?
2, 3, 9684149
List the prime factors of 2242680712.
2, 311, 901399
What are the prime factors of 3248487241?
31, 4729, 22159
List the prime factors of 304857922.
2, 163, 935147
What are the prime factors of 2448501109?
17, 144029477
List the prime factors of 507118079.
13, 73, 534371
What are the prime factors of 794776324?
2, 2791, 71191
List the prime factors of 645454476.
2, 3, 3931, 4561
List the prime factors of 62656818.
2, 3, 7, 281, 5309
List the prime factors of 38623436.
2, 9655859
What are the prime factors of 932955828?
2, 3, 7, 47, 383, 617
List the prime factors of 70657650.
2, 3, 5, 7, 7477
What are the prime factors of 380573345?
5, 89, 855221
List the prime factors of 25153217.
17, 53, 27917
What are the prime factors of 3152952551?
7, 450421793
What are the prime factors of 1661239922?
2, 157, 5290573
List the prime factors of 1449156011.
19, 76271369
List the prime factors of 102049421.
8887, 11483
List the prime factors of 365233350.
2, 3, 5, 2434889
What are the prime factors of 1355577825?
3, 5, 7, 2582053
List the prime factors of 27492277.
27492277
What are the prime factors of 6121525313?
75167, 81439
What are the prime factors of 1150082421?
3, 823, 465809
List the prime factors of 4472650.
2, 5, 7, 13, 983
List the prime factors of 1511564832.
2, 3, 191, 27479
List the prime factors of 1925072973.
3, 7922111
What are the prime factors of 1000048194?
2, 3, 6173137
List the prime factors of 19298651.
19298651
What are the prime factors of 320827228?
2, 80206807
What are the prime factors of 804930904?
2, 2011, 50033
What are the prime factors of 7878424?
2, 197, 4999
List the prime factors of 1755339837.
3, 10973, 53323
List the prime factors of 356052194.
2, 178026097
List the prime factors of 4275102772.
2, 61, 17520913
List the prime factors of 884626423.
884626423
List the prime factors of 2398184260.
2, 5, 3853, 31121
List the prime factors of 46296631.
23, 157, 12821
What are the prime factors of 461256382?
2, 587, 392893
What are the prime factors of 112878906?
2, 3, 7, 2687593
What are the prime factors of 249526844?
2, 7, 61, 146093
What are the prime factors of 35428617?
3, 7, 61, 439
What are the prime factors of 57087018?
2, 3, 101, 1163
What are the prime factors of 110847321?
3, 13, 947413
What are the prime factors of 77895272?
2, 7, 13, 67, 1597
List the prime factors of 1010546045.
5, 17, 11888777
What are the prime factors of 68608952?
2, 31, 37, 7477
List the prime factors of 81290280.
2, 3, 5, 23, 29453
List the prime factors of 2269300152.
2, 3, 7, 23, 53, 1583
List the prime factors of 69093526.
2, 34546763
What are the prime factors of 430590098?
2, 919, 234271
What are the prime factors of 491263314?
2, 3, 17, 523, 9209
List the prime factors of 24501407.
7, 3500201
List the prime factors of 467224020.
2, 3, 5, 71, 36559
List the prime factors of 462034200.
2, 3, 5, 770057
List the prime factors of 3700226109.
3, 277, 4452739
What are the prime factors of 27133649?
17, 31, 51487
What are the prime factors of 297221666?
2, 7, 37, 573787
List the prime factors of 383891427.
3, 14218201
List the prime factors of 41397826.
2, 67, 308939
List the prime factors of 54446965.
5, 10889393
List the prime factors of 8866101.
3, 431, 6857
What are the prime factors of 326940881?
199, 1642919
What are the prime factors of 2118705991?
2118705991
What are the prime factors of 5201254434?
2, 3, 866875739
List the prime factors of 38944827.
3, 1201
List the prime factors of 455084018.
2, 167, 1033, 1319
List the prime factors of 43237937.
83, 257, 2027
List the prime factors of 49099530.
2, 3, 5, 1636651
List the prime factors of 369027600.
2, 3, 5, 307523
List the prime factors of 217197140.
2, 5, 1993, 5449
What are the prime factors of 47418095?
5, 9483619
List the prime factors of 296682945.
3, 5, 13, 499, 3049
What are the prime factors of 163254791?
7, 17, 73, 18793
What are the prime factors of 47867248?
2, 11, 13, 20921
What are the prime factors of 405169545?
3, 5, 11, 619, 3967
List the prime factors of 527691637.
11, 47971967
What are the prime factors of 4515709508?
2, 23, 3259, 15061
List the prime factors of 378142401.
3, 7, 13, 47, 2267
What are the prime factors of 1693605223?
19, 1321, 67477
List the prime factors of 63307855.
5, 13, 359, 2713
List the prime factors of 12802594.
2, 7, 73, 12527
What are the prime factors of 128697925?
5, 19, 43, 6301
What are the prime factors of 1434708706?
2, 29, 31, 797947
List the prime factors of 1100885327.
19, 29, 173, 11549
What are the prime factors of 9892654582?
2, 4946327291
What are the prime factors of 43505217?
3, 7, 257, 2687
List the prime factors of 772605902.
2, 17, 379, 59957
What are the prime factors of 52792104?
2, 3, 809, 2719
What are the prime factors of 47405471?
41, 1156231
List the prime factors of 2171287780.
2, 5, 2417, 44917
What are the prime factors of 2219793483?
3, 739931161
What are the prime factors of 323112012?
2, 3, 26926001
What are the prime factors of 887847252?
2, 3, 73987271
List the prime factors of 229282318.
2, 277, 413867
List the prime factors of 161246174.
2, 59, 1366493
What are the prime factors of 79051630?
2, 5, 7, 43, 26263
What are the prime factors of 67762372?
2, 16940593
List the prime factors of 793742165.
5, 41, 173, 22381
What are the prime factors of 51198967?
3253, 15739
What are the prime factors of 39652907?
7, 809243
What are the prime factors of 126282728?
2, 11, 13, 167, 661
List the prime factors of 3525522136.
2, 440690267
What are the prime factors of 8617372400?
2, 5, 7, 13, 61, 3881
List the prime factors of 60626962.
2, 11, 311, 8861
List the prime factors of 236273089.
13, 17, 23, 43, 47
List the prime factors of 777142311.
3, 11, 43, 281, 1949
What are the prime factors of 13948518?
2, 3, 71, 137, 239
What are the prime factors of 3505348591?
31, 61, 1853701
List the prime factors of 169941817.
139, 1222603
List the prime factors of 3091334266.
2, 257, 6014269
List the prime factors of 8241725.
5, 19, 17351
List the prime factors of 27862241.
11, 2532931
List the prime factors of 36036401.
36036401
What are the prime factors of 282050026?
2, 17, 8295589
List the prime factors of 95590478.
2, 47795239
List the prime factors of 274098137.
73, 3754769
What are the prime factors of 56590209?
3, 13, 41, 47, 251
What are the prime factors of 135552254?
2, 17, 43, 92717
List the prime factors of 2392584643.
41, 83, 703081
What are the prime factors of 1504022?
2, 13, 57847
List the prime factors of 61724278.
2, 7, 11, 83, 439
List the prime factors of 133976524.
2, 11, 17, 19, 857
What are the prime factors of 47769727?
67, 712981
List the prime factors of 139597575.
3, 5, 13, 143177
List the prime factors of 32019292.
2, 8004823
List the prime factors of 104103083.
7, 23, 241, 2683
List the prime factors of 22184502.
2, 3, 1511, 2447
What are the prime factors of 97567234?
2, 48783617
What are the prime factors of 1398137277?
3, 466045759
What are the prime factors of 791762211?
3, 87973579
What are the prime factors of 241812289?
241812289
What are the prime factors of 438122528?
2, 43, 31840